?
7
Suppose 3*n = 2*r + 125 + 1, -25 = -n - 5*r. Suppose 315*q + 20 = 320*q. Calculate the greatest common divisor of q and n.
4
Suppose 0 = 4*j - 9*j. Suppose j = 3*d - 2*q - 23, 3*d + q = -0*q + 38. Suppose 4*i - 3*i - 99 = 0. Calculate the highest common factor of i and d.
11
Let r(s) = -s**3 - 3*s**2 + 6*s + 1. Let x be r(-5). Calculate the highest common divisor of x and 12.
3
Suppose -7*j + 29 + 13 = 0. Calculate the highest common divisor of j and 66.
6
Let b(j) = 16*j**2 + j. Let d be b(-1). Suppose -2*x + 5*x - 180 = 0. What is the greatest common divisor of d and x?
15
Let f be 30/4*6/5. Let n(t) = 3*t - 15. Let d be n(f). Calculate the highest common divisor of 108 and d.
12
Suppose t + 1 = a, 3*a - a - 27 = -3*t. Calculate the greatest common divisor of 6 and a.
6
Suppose 0 = -3*n - 0*n. Suppose n = -o - o. Suppose o = -4*z + 126 + 18. Calculate the greatest common divisor of z and 9.
9
Let m(v) = v**3 + 15*v**2 - v + 9. Let n be m(-15). What is the greatest common divisor of 96 and n?
24
Let h(q) = -17*q - 2. Let y = -8 + 6. Let t be 1*y*3/3. Let s be h(t). What is the highest common divisor of 16 and s?
16
Let z = -5 - -1. Let n(g) = -g**2 - 4*g + 3. Let a be n(z). Suppose -5*t - 2*u + 390 = a*u, -u = -1. What is the highest common divisor of t and 7?
7
Suppose 4*g - 1 - 7 = 0. Suppose 3*d = -0*d + 66. Calculate the highest common divisor of d and g.
2
Suppose -d + 455 = 4*d. Suppose p + 89 = 2*g, -2*g + 4*p + d = 5*p. What is the greatest common divisor of 9 and g?
9
Let s be (-2)/(2/2)*-2. Let h(t) = 130*t - 2. Let l be h(-5). Let m be l/(-18) + (-4)/18. Calculate the greatest common factor of m and s.
4
Let d be 785/25 - (-4)/(-10). Calculate the greatest common factor of d and 155.
31
Let j = -85 + 92. What is the highest common divisor of 7 and j?
7
Suppose 4*g = 4*k + 80, 4*k = g + 8 - 43. What is the highest common factor of g and 12?
3
Let z = -16 + 30. Calculate the greatest common factor of 14 and z.
14
Let c be (-16)/6*6/(-4). Suppose c*k = v + 63, -k + 4*v - v + 24 = 0. What is the highest common divisor of 135 and k?
15
Let f(v) = 6*v**3 + 2*v**2 - 2*v. Let m be f(2). Calculate the highest common divisor of 26 and m.
26
Let s = 6 - -3. Let w = 2 + 1. Suppose -w*p = -5*p + 72. Calculate the highest common factor of p and s.
9
Let z(n) = -13*n + 3. Let w be z(5). Let c = -38 - w. Let j = c - 6. Calculate the highest common divisor of j and 6.
6
Let u = 47 - 33. Calculate the highest common factor of u and 28.
14
Suppose -4*h - 24 - 16 = 0. Let w = h + 34. Calculate the greatest common factor of 6 and w.
6
Suppose -z + 82 - 306 = -5*d, 5 = 5*z. What is the greatest common divisor of 15 and d?
15
Suppose -4 = -y + 1. Let i be 4 + -2*(-1)/2. Calculate the highest common divisor of i and y.
5
Suppose -t = -n - 17, -t - 2*n - n + 25 = 0. Calculate the highest common factor of 19 and t.
19
Let f be ((-4)/5)/((-9)/585). What is the greatest common divisor of 13 and f?
13
Let m = 98 - 48. What is the highest common divisor of 40 and m?
10
Let p(u) = -u - 4. Let x be p(-6). Suppose x*f = f + 43. Suppose 2*c - f = -5*v, v - 4*v = 3. What is the highest common factor of 6 and c?
6
Let r(d) = -d - 1. Let g(m) = -66*m + 14. Let t(v) = g(v) + 10*r(v). Let l be t(3). Let h = l + 328. What is the highest common divisor of 13 and h?
13
Let h(u) = 2*u**2 + 5*u - 2. Let r be h(4). Calculate the greatest common divisor of r and 75.
25
Suppose 2*y - 1 - 3 = 0. Suppose -3*u + 225 = y*u. Let c = u - -11. Calculate the greatest common divisor of 7 and c.
7
Suppose -8*v + 3*v + 205 = 0. Let t = v + -5. Calculate the greatest common factor of 4 and t.
4
Suppose b + i - 37 = 0, 5*b - 68 = 2*i + 103. What is the highest common divisor of b and 70?
35
Let b(k) = -k + 6. Let o be b(5). Suppose -5*l + 19 = -o. Suppose -v = l*f - 110 + 33, 0 = 2*f + v - 41. Calculate the highest common factor of f and 3.
3
Let l = 36 - 26. Let m(z) = -z + 1. Let s be m(-9). Calculate the greatest common divisor of s and l.
10
Let y = -390 - -558. What is the greatest common factor of y and 21?
21
Let v(d) = -d**3 + 4*d**2 - 2*d + 2. Let n be v(3). Suppose 0 = -s + 6*s + 15. Let g be 5/4*(31 + s). Calculate the greatest common factor of g and n.
5
Let s = 185 + -165. Let j be (0/1)/(-2) - -10. What is the greatest common factor of j and s?
10
Let i be (-11)/1*(-1550)/50. What is the highest common factor of 31 and i?
31
Let y(b) = -18*b - 6. Let f be ((-7)/2)/(3/6). Let i be y(f). Suppose 0 = -n + 3*m + m + 15, m + 30 = 2*n. Calculate the highest common factor of n and i.
15
Let b(h) = h**2 - h - 6. Let m be b(6). Let w = 9 - 5. Suppose 5*q - 14 - 1 = 0, 0 = -w*p + 3*q + 55. Calculate the highest common divisor of m and p.
8
Let z be ((-36)/10 - 0)*-5. Let d(t) = 44*t + 1. Let y be d(1). Calculate the greatest common factor of z and y.
9
Let f(p) = p**3 - 13*p**2 - 15*p + 21. Let z be f(14). Calculate the highest common factor of 7 and z.
7
Let r be (-190)/(-2) - (-2 + 2). Let a(g) = 4*g**2 + 3*g - 3. Let t be a(2). What is the highest common divisor of r and t?
19
Let v be 114 + 2/4*2. Let b(p) = p**3 + 8*p**2 + 2*p - 12. Let o be b(-7). Calculate the greatest common factor of v and o.
23
Let l = 296 - 82. Suppose -4*i = -l - 254. What is the highest common divisor of i and 13?
13
Let l be (12/(-10))/(17/(-425)). What is the highest common divisor of l and 130?
10
Let d be (-3)/6*(-7 - -1). Suppose -7 = -d*i + 23. What is the highest common divisor of 20 and i?
10
Let h be (-2)/(-3) - 40/6. Let g be (-968)/h - 4/3. Calculate the greatest common factor of 20 and g.
20
Suppose -4*u - 10 = -9*u. Suppose f = -u*o + 53, 0 = -5*f - 3*o + 275 - 38. Calculate the highest common divisor of f and 5.
5
Suppose -5*q + q = -96. Calculate the greatest common divisor of q and 12.
12
Suppose 3*f + 2*q - 288 = 0, 4*f - 2*q = -0*q + 398. What is the highest common divisor of 14 and f?
14
Suppose 0 = -2*r + 5*t + 16 + 18, 0 = -4*r + 5*t + 58. What is the greatest common divisor of 60 and r?
12
Suppose 2*y - 23 = 47. What is the highest common factor of 14 and y?
7
Let l be ((-45)/(-45))/(-1 - (-10)/9). Calculate the highest common factor of l and 3.
3
Let u = -34 - -39. Calculate the highest common divisor of u and 20.
5
Suppose -5*x = -0*f - f + 161, -3*f = -3*x - 507. Let q = 385 + -366. What is the greatest common divisor of q and f?
19
Let c = -12 - -31. Suppose 4*z = 473 + 363. What is the greatest common divisor of c and z?
19
Suppose 4*b = 30 - 90. Let k be (-6)/b - 122/5. Let c = k + 36. Calculate the greatest common divisor of c and 24.
12
Let i(o) = o**3 + 8*o**2 + 7*o + 4. Let v be i(-7). What is the highest common divisor of 36 and v?
4
Suppose w - 88 = -4*m - m, -5*w - 4*m = -356. Suppose g + w = 5*g. What is the greatest common divisor of g and 187?
17
Suppose m + 4*m - 2*p = 79, 3 = p. Let n = 306 + -170. What is the greatest common divisor of n and m?
17
Suppose -s - 2 + 6 = 0. Suppose -s*a - 80 = -2*d, a + 74 = 2*d - 0*a. Suppose 0 = -0*j - 6*j + 144. What is the greatest common divisor of d and j?
12
Let l(q) = -2*q**3 - 7*q**2 - 6*q - 5. Let k be l(-4). What is the highest common divisor of 7 and k?
7
Suppose 15 = -4*n - 13. Let x(d) = 10*d - 6*d**2 + 7 - d**3 + 3 - 2*d. Let m be x(n). What is the highest common factor of m and 12?
3
Suppose 2*o - 4*d = -2*d + 86, 3*o = -3*d + 135. Calculate the greatest common divisor of o and 22.
22
Let m = 660 - 451. What is the greatest common factor of m and 11?
11
Suppose -2 = 2*u, 2*f - 114 = -5*u + 71. Suppose 11*c + 2*c - 247 = 0. Calculate the highest common factor of f and c.
19
Let u(b) = -3*b + 1. Let i be u(-1). Let h be 6/i*(-44)/(-3). Let n be 0 + -2*66/(-4). What is the greatest common factor of h and n?
11
Let z = 28 - -4. What is the highest common factor of z and 4?
4
Let k = -7 + 18. Calculate the highest common divisor of 44 and k.
11
Suppose -33 = -x + 7. Suppose x = 5*v - v. Calculate the highest common factor of v and 15.
5
Let l = -51 - -64. Suppose -5*u + 64 = -1. What is the highest common divisor of u and l?
13
Let c be 56/48 + 2*(-1)/12. Let u = 6 - 4. Calculate the highest common factor of u and c.
1
Let s be ((-52)/(-2))/((-8)/(-4)). Let i = 37 - s. Calculate the greatest common factor of 60 and i